{"id":187,"date":"2013-04-07T20:33:35","date_gmt":"2013-04-07T18:33:35","guid":{"rendered":"http:\/\/www.westveensemolen.nl\/?page_id=187"},"modified":"2013-04-07T20:33:35","modified_gmt":"2013-04-07T18:33:35","slug":"unterturm","status":"publish","type":"page","link":"http:\/\/www.westveensemolen.nl\/?page_id=187","title":{"rendered":"Unterturm"},"content":{"rendered":"<p>Eine Kokerm\u00fchle hat \u00c4hnlichkeiten mit einer Bockwindm\u00fchle. Das Oberhaus ist fast die 90% Kopie\u00a0einer Bockwindm\u00fchle. Der gro\u00dfe Unterschied\u00a0besteht darin dass man\u00a0bei einer Bockwindm\u00fchle\u00a0den Antrieb oben braucht und bei einer Sch\u00f6pfm\u00fchle unten. Also hat man statt eines Hausbaumes aus 8 Dielen einen hohlen Koker mit zwei Satteln gebaut, damit eine K\u00f6nigswelle im Unterturm etwas antreiben kann. Da die M\u00fchle eine Wassersch\u00f6pfm\u00fchle ist gibt es unten an der\u00a0K\u00f6nigswelle ein Ritsel und ein Kammrad. Das gro\u00dfe Kammrad ist auf eine gu\u00dfeiserne Welle\u00a0\u00a0montiert und hat einer Durchmesser Kammrad von 3,61m sowie 66 K\u00e4mmen. Die Welle ist 5 Tonnen schwer und treibt au\u00dferhalb der M\u00fchle das Sch\u00f6pfrad an<\/p>\n<p>.<a href=\"http:\/\/www.westveensemolen.nl\/wp-content\/uploads\/2013\/03\/ondertorenpauw.jpg\"><img loading=\"lazy\" decoding=\"async\" class=\"alignnone size-medium wp-image-72\" alt=\"ondertorenpauw\" src=\"http:\/\/www.westveensemolen.nl\/wp-content\/uploads\/2013\/03\/ondertorenpauw-228x300.jpg\" width=\"228\" height=\"300\" srcset=\"http:\/\/www.westveensemolen.nl\/wp-content\/uploads\/2013\/03\/ondertorenpauw-228x300.jpg 228w, http:\/\/www.westveensemolen.nl\/wp-content\/uploads\/2013\/03\/ondertorenpauw-779x1024.jpg 779w, http:\/\/www.westveensemolen.nl\/wp-content\/uploads\/2013\/03\/ondertorenpauw.jpg 863w\" sizes=\"auto, (max-width: 228px) 100vw, 228px\" \/><\/a> Der Unterturm ist wie eine Pyramide aus Eichenholz\u00a0 gebautund tr\u00e4gt das Oberhaus \u00fcber den Koker. Der Grundriss ist 6m x 6m. Der Koker hat einen Obersattel und einer Untersattel und\u00a0zwar\u00a0auf der Pyramide. Der Koker ist mit Zapfen in den Untersattel befestigt und der ist dann wieder mit Bolzen am Boventafelement befestigt. Auch wird der Koker von vier Kokerbalken getragen die unter den Koker liegen und auf welchen die Mantelbalken st\u00fctzen. Die Ecks\u00e4ulen sind in die Westveense Molen 35x35cm dick.Im Gegensatz zu den\u00a0meisten Kokerm\u00fchlen ist\u00a0sie wahrscheinlich nie bewohnt gewesen.<\/p>\n","protected":false},"excerpt":{"rendered":"<p>Eine Kokerm\u00fchle hat \u00c4hnlichkeiten mit einer Bockwindm\u00fchle. Das Oberhaus ist fast die 90% Kopie\u00a0einer Bockwindm\u00fchle. Der gro\u00dfe Unterschied\u00a0besteht darin dass man\u00a0bei einer Bockwindm\u00fchle\u00a0den Antrieb oben braucht und bei einer Sch\u00f6pfm\u00fchle unten. Also hat man statt eines Hausbaumes aus 8 Dielen &hellip; <a href=\"http:\/\/www.westveensemolen.nl\/?page_id=187\">Lees verder <span class=\"meta-nav\">&rarr;<\/span><\/a><\/p>\n","protected":false},"author":2,"featured_media":0,"parent":0,"menu_order":25,"comment_status":"closed","ping_status":"closed","template":"","meta":{"footnotes":""},"class_list":["post-187","page","type-page","status-publish","hentry"],"_links":{"self":[{"href":"http:\/\/www.westveensemolen.nl\/index.php?rest_route=\/wp\/v2\/pages\/187","targetHints":{"allow":["GET"]}}],"collection":[{"href":"http:\/\/www.westveensemolen.nl\/index.php?rest_route=\/wp\/v2\/pages"}],"about":[{"href":"http:\/\/www.westveensemolen.nl\/index.php?rest_route=\/wp\/v2\/types\/page"}],"author":[{"embeddable":true,"href":"http:\/\/www.westveensemolen.nl\/index.php?rest_route=\/wp\/v2\/users\/2"}],"replies":[{"embeddable":true,"href":"http:\/\/www.westveensemolen.nl\/index.php?rest_route=%2Fwp%2Fv2%2Fcomments&post=187"}],"version-history":[{"count":1,"href":"http:\/\/www.westveensemolen.nl\/index.php?rest_route=\/wp\/v2\/pages\/187\/revisions"}],"predecessor-version":[{"id":188,"href":"http:\/\/www.westveensemolen.nl\/index.php?rest_route=\/wp\/v2\/pages\/187\/revisions\/188"}],"wp:attachment":[{"href":"http:\/\/www.westveensemolen.nl\/index.php?rest_route=%2Fwp%2Fv2%2Fmedia&parent=187"}],"curies":[{"name":"wp","href":"https:\/\/api.w.org\/{rel}","templated":true}]}}