{"id":191,"date":"2013-04-07T20:40:54","date_gmt":"2013-04-07T18:40:54","guid":{"rendered":"http:\/\/www.westveensemolen.nl\/?page_id=191"},"modified":"2013-04-07T20:40:54","modified_gmt":"2013-04-07T18:40:54","slug":"restaurirung-2","status":"publish","type":"page","link":"http:\/\/www.westveensemolen.nl\/?page_id=191","title":{"rendered":"Restaurirung"},"content":{"rendered":"<p>Das Problem mit dem Kocher, der war nicht mehr im Holzversatz zwischen Kocher und<br \/>\nUnterturm. Der Kocher ist durch Dirk Kuin von innen repariert wordenmit<br \/>\nGlasfiberstaben und Epoxy. Er hat auch den Kocher mit\u00a0 \u00d6lpressen und neuen<br \/>\nBolzen wieder in Form gebracht . Das zum Teil kaputte Mauerwerk\u00a0werde von<br \/>\nJac Wouda restauriert. Auch haben wir den Wasserlauf neu fundiert und\u00a0um<br \/>\n35 Zentimeter vertieft. Die K\u00f6nigswelle ist verl\u00e4ngert worden.<\/p>\n<div id=\"attachment_76\" style=\"width: 310px\" class=\"wp-caption alignnone\"><a href=\"http:\/\/www.westveensemolen.nl\/wp-content\/uploads\/2013\/03\/restauratie1.jpg\"><img loading=\"lazy\" decoding=\"async\" aria-describedby=\"caption-attachment-76\" class=\"size-medium wp-image-76\" alt=\"het bovenhuis komt weer op de ondertoren\" src=\"http:\/\/www.westveensemolen.nl\/wp-content\/uploads\/2013\/03\/restauratie1-300x224.jpg\" width=\"300\" height=\"224\" srcset=\"http:\/\/www.westveensemolen.nl\/wp-content\/uploads\/2013\/03\/restauratie1-300x224.jpg 300w, http:\/\/www.westveensemolen.nl\/wp-content\/uploads\/2013\/03\/restauratie1.jpg 448w\" sizes=\"auto, (max-width: 300px) 100vw, 300px\" \/><\/a><p id=\"caption-attachment-76\" class=\"wp-caption-text\">het bovenhuis komt weer op de ondertoren<\/p><\/div>\n<p>Die OPLEIDER<br \/>\nmacht jetzt auch eine neue Kurve, weil das Sch\u00f6pfrad gr\u00f6\u00dfer und schmaler<br \/>\ngeworden ist. Der TASTING war 42cm und ist jetzt 77cm. Das Ritsel im Oberhaus<br \/>\nhat jetzt zwei neue Scheiben und 3 St\u00e4ben zus\u00e4tzlich, denn die M\u00fchle muss das<br \/>\nWasser h\u00f6her schaufeln. Ein Teil der Mauerplatte ist erneut.<\/p>\n","protected":false},"excerpt":{"rendered":"<p>Das Problem mit dem Kocher, der war nicht mehr im Holzversatz zwischen Kocher und Unterturm. Der Kocher ist durch Dirk Kuin von innen repariert wordenmit Glasfiberstaben und Epoxy. Er hat auch den Kocher mit\u00a0 \u00d6lpressen und neuen Bolzen wieder in &hellip; <a href=\"http:\/\/www.westveensemolen.nl\/?page_id=191\">Lees verder <span class=\"meta-nav\">&rarr;<\/span><\/a><\/p>\n","protected":false},"author":2,"featured_media":0,"parent":0,"menu_order":28,"comment_status":"closed","ping_status":"closed","template":"","meta":{"footnotes":""},"class_list":["post-191","page","type-page","status-publish","hentry"],"_links":{"self":[{"href":"http:\/\/www.westveensemolen.nl\/index.php?rest_route=\/wp\/v2\/pages\/191","targetHints":{"allow":["GET"]}}],"collection":[{"href":"http:\/\/www.westveensemolen.nl\/index.php?rest_route=\/wp\/v2\/pages"}],"about":[{"href":"http:\/\/www.westveensemolen.nl\/index.php?rest_route=\/wp\/v2\/types\/page"}],"author":[{"embeddable":true,"href":"http:\/\/www.westveensemolen.nl\/index.php?rest_route=\/wp\/v2\/users\/2"}],"replies":[{"embeddable":true,"href":"http:\/\/www.westveensemolen.nl\/index.php?rest_route=%2Fwp%2Fv2%2Fcomments&post=191"}],"version-history":[{"count":1,"href":"http:\/\/www.westveensemolen.nl\/index.php?rest_route=\/wp\/v2\/pages\/191\/revisions"}],"predecessor-version":[{"id":192,"href":"http:\/\/www.westveensemolen.nl\/index.php?rest_route=\/wp\/v2\/pages\/191\/revisions\/192"}],"wp:attachment":[{"href":"http:\/\/www.westveensemolen.nl\/index.php?rest_route=%2Fwp%2Fv2%2Fmedia&parent=191"}],"curies":[{"name":"wp","href":"https:\/\/api.w.org\/{rel}","templated":true}]}}